 14) to base 4.
21
Convert 38 (base 10) to base 8.
46
6 (base 13) to base 8
6
101 (base 7) to base 2
110010
Convert -4 (base 13) to base 15.
-4
What is 0 (base 7) in base 11?
0
What is -23 (base 16) in base 15?
-25
What is 47 (base 12) in base 4?
313
What is e (base 15) in base 9?
15
1b (base 13) to base 7
33
What is -200 (base 3) in base 13?
-15
What is -3230 (base 4) in base 9?
-282
Convert 74 (base 8) to base 12.
50
What is 58 (base 15) in base 2?
1010011
2 (base 3) to base 11
2
What is 2 (base 15) in base 12?
2
Convert 3 (base 15) to base 5.
3
Convert -9 (base 12) to base 5.
-14
Convert 55 (base 6) to base 9.
38
What is -45 (base 7) in base 11?
-30
22 (base 4) to base 14
a
What is -23 (base 11) in base 9?
-27
Convert -100000 (base 2) to base 10.
-32
What is 20 (base 5) in base 9?
11
Convert 29 (base 13) to base 7.
50
Convert 57 (base 16) to base 7.
153
-1 (base 8) to base 13
-1
1000 (base 2) to base 10
8
Convert 4 (base 15) to base 4.
10
Convert 6 (base 16) to base 5.
11
What is 64 (base 12) in base 5?
301
100 (base 2) to base 10
4
296 (base 10) to base 12
208
What is 126 (base 10) in base 11?
105
What is -18 (base 13) in base 6?
-33
142 (base 5) to base 16
2f
-3 (base 6) to base 10
-3
131 (base 5) to base 4
221
What is 3 (base 4) in base 14?
3
-28 (base 10) to base 3
-1001
-6 (base 16) to base 7
-6
What is -104 (base 5) in base 4?
-131
10 (base 3) to base 2
11
What is 116 (base 9) in base 6?
240
What is -1 (base 12) in base 9?
-1
10 (base 9) to base 14
9
What is 5 (base 13) in base 6?
5
What is 0 (base 6) in base 3?
0
What is -1 (base 4) in base 9?
-1
Convert -8 (base 14) to base 16.
-8
-a (base 16) to base 8
-12
1 (base 12) to base 10
1
3 (base 13) to base 7
3
Convert -15 (base 13) to base 14.
-14
What is -123 (base 6) in base 16?
-33
What is -20001 (base 3) in base 15?
-ad
-4 (base 14) to base 11
-4
Convert -3 (base 16) to base 15.
-3
What is 314 (base 10) in base 7?
626
-4 (base 9) to base 4
-10
Convert 133 (base 4) to base 15.
21
87 (base 14) to base 3
11102
What is -2 (base 10) in base 14?
-2
10102 (base 3) to base 10
92
What is -103 (base 12) in base 6?
-403
What is -4 (base 14) in base 10?
-4
100 (base 2) to base 10
4
53 (base 10) to base 12
45
-4 (base 12) to base 15
-4
Convert 332 (base 6) to base 9.
152
Convert -101 (base 2) to base 12.
-5
What is -225 (base 7) in base 13?
-90
Convert 1 (base 5) to base 14.
1
6 (base 15) to base 11
6
What is -1100110 (base 2) in base 3?
-10210
Convert -403 (base 7) to base 16.
-c7
Convert -3 (base 13) to base 8.
-3
Convert 22 (base 4) to base 10.
10
What is -430 (base 5) in base 11?
-a5
3 (base 10) to base 11
3
bd (base 15) to base 13
109
Convert -31 (base 11) to base 8.
-42
3 (base 13) to base 5
3
What is 2310 (base 4) in base 2?
10110100
What is 14 (base 7) in base 11?
10
1 (base 13) to base 12
1
What is 4 (base 15) in base 7?
4
3 (base 4) to base 5
3
Convert -144 (base 6) to base 4.
-1000
-10 (base 6) to base 3
-20
What is 3 (base 12) in base 13?
3
-414 (base 8) to base 6
-1124
What is -220 (base 6) in base 10?
-84
Convert 3 (base 15) to base 9.
3
Convert 102 (base 4) to base 5.
33
What is -25 (base 6) in base 4?
-101
-9 (base 10) to base 8
-11
Convert 2 (base 7) to base 14.
2
Convert 252 (base 10) to base 14.
140
1 (base 9) to base 16
1
What is 13 (base 14) in base 13?
14
What is 22 (base 13) in base 11?
26
What is -2 (base 12) in base 14?
-2
What is -1021 (base 3) in base 15?
-24
-19 (base 10) to base 12
-17
What is 37 (base 14) in base 3?
1211
What is -272 (base 11) in base 5?
-2241
Convert 62 (base 13) to base 2.
1010000
What is 32 (base 5) in base 7?
23
What is 39 (base 16) in base 2?
111001
-51 (base 7) to base 5
-121
Convert 2 (base 11) to base 3.
2
101 (base 2) to base 11
5
Convert 29 (base 10) to base 6.
45
Convert 1 (base 12) to base 4.
1
201 (base 5) to base 8
63
Convert 71 (base 11) to base 15.
53
-99 (base 16) to base 2
-10011001
Convert 210 (base 6) to base 9.
86
154 (base 11) to base 5
1210
Convert -21 (base 4) to base 10.
-9
-12 (base 3) to base 8
-5
What is 1102 (base 7) in base 14?
202
Convert -117 (base 12) to base 14.
-b9
What is 2122 (base 3) in base 14?
51
What is -63 (base 12) in base 5?
-300
32 (base 12) to base 7
53
Convert 2 (base 11) to base 8.
2
Convert -2a (base 13) to base 16.
-24
2 (base 13) to base 11
2
Convert 4 (base 6) to base 14.
4
What is -14 (base 14) in base 13?
-15
Convert -1 (base 16) to base 14.
-1
What is -344 (base 7) in base 6?
-455
Convert -5 (base 8) to base 3.
-12
What is -11 (base 7) in base 10?
-8
Convert -61 (base 8) to base 13.
-3a
Convert -4 (base 8) to base 12.
-4
Convert -1 (base 15) to base 7.
-1
9a (base 14) to base 5
1021
What is 65 (base 7) in base 6?
115
6 (base 7) to base 4
12
Convert -13 (base 4) to base 5.
-12
5 (base 15) to base 6
5
What is 4d (base 14) in base 5?
234
-1 (base 3) to base 10
-1
-200 (base 3) to base 5
-33
Convert -4 (base 8) to base 5.
-4
6 (base 8) to base 3
20
Convert -111000 (base 2) to base 8.
-70
Convert 8 (base 9) to base 4.
20
What is 22 (base 14) in base 4?
132
Convert -1 (base 8) to base 10.
-1
521 (base 8) to base 6
1321
What is 30 (base 8) in base 15?
19
Convert -35 (base 8) to base 11.
-27
Convert -1003 (base 4) to base 12.
-57
11011001 (base 2) to base 6
1001
What is -210 (base 5) in base 9?
-61
Convert 0 (base 8) to base 13.
0
Convert -c9 (base 14) to base 12.
-129
224 (base 5) to base 14
48
Convert 2 (base 3) to base 16.
2
What is -6 (base 9) in base 10?
-6
Convert -30 (base 15) to base 8.
-55
Convert 5 (base 14) to base 8.
5
What is 1 (base 16) in base 3?
1
Convert 22 (base 9) to base 4.
110
What is 3 (base 12) in base 3?
10
Convert c (base 16) to base 9.
13
What is -10 (base 7) in base 8?
-7
Convert 2 (base 12) to base 9.
2
Convert 18 (base 14) to base 11.
20
Convert -2 (base 10) to base 8.
-2
5 (base 15) to base 14
5
-351 (base 6) to base 7
-256
-54 (base 10) to base 2
-110110
-101 (base 4) to base 14
-13
1101 (base 3) to base 12
31
What is 5 (base 13) in base 12?
5
Convert 151 (base 6) to base 12.
57
76 (base 8) to base 12
52
What is 249 (base 10) in base 4?
3321
-11001011 (base 2) to base 14
-107
Convert 1000 (base 3) to base 9.
30
What is -1 (base 16) in base 15?
-1
Convert -13 (base 8) to base 10.
-11
Convert 7a (base 15) to base 6.
311
What is 1 (base 12) in base 11?
1
Convert -11 (base 6) to base 14.
-7
34 (base 7) to base 10
25
2 (base 14) to base 2
10
What is -10d (base 15) in base 5?
-1423
-1a (base 14) to base 7
-33
What is -69 (base 11) in base 7?
-135
-11 (base 6) to base 8
-7
What is -14 (base 13) in base 8?
-21
What is 3 (base 10) in base 3?
10
Convert 404 (base 6) to base 2.
10010100
-141 (base 13) to base 3
-22020
Convert 9 (base 12) to base 6.
13
11 (base 9) to base 11
a
-3 (base 12) to base 8
-3
-203 (base 4) to base 2
-100011
What is 11 (base 2) in base 16?
3
76 (base 9) to base 13
54
Convert 313 (base 6) to base 5.
432
Convert -153 (base 7) to base 10.
-87
Convert -3 (base 5) to base 12.
-3
-13 (base 11) to base 10
-14
-a3 (base 14) to base 15
-98
Convert 0 (base 6) to base 15.
0
What is 16 (base 11) in base 8?
21
-28 (base 16) to base 7
-55
What is 3 (base 9) in base 8?
3
0 (base 8) to base 13
0
What is 68 (base 11) in base 16?
4a
What is 2 (base 6) in base 5?
2
Convert -1 (base 12) to base 2.
-1
7 (base 15) to base 5
12
What is -5 (base 14) in base 9?
-5
Convert -2 (base 16) to base 15.
-2
What is -34 (base 11) in base 14?
-29
Convert 0 (base 13) to base 9.
0
What is 1033 (base 6) in base 7?
456
0 (base 7) to base 8
0
57 (base 10) to base 3
2010
Convert -124 (base 5) to base 6.
-103
What is 2 (base 11) in base 3?
2
11100000 (base 2) to base 4
3200
Convert -6 (base 15) to base 10.
-6
-1110010 (base 2) to base 9
-136
Convert 2c (base 16) to base 8.
54
Convert 1 (base 8) to base 6.
1
What is 313 (base 4) in base 2?
110111
Convert -2 (base 10) to base 8.
-2
Convert 10 (base 5) to base 9.
5
Convert 21 (base 13) to base 12.
23
What is 48 (base 14) in base 13?
4c
Convert a (base 12) to base 6.
14
Convert -22 (base 12) to base 10.
-26
21 (base 9) to base 15
14
-2 (base 4) to base 5
-2
What is 122 (base 5) in base 11?
34
1b3 (base 15) to base 14
201
Convert 52 (base 12) to base 6.
142
Convert 4 (base 7) to base 11.
4
What is 1 (base 13) in base 9?
1
What is -3 (base 10) in base 